{"id":71,"date":"2025-10-13T19:04:33","date_gmt":"2025-10-13T17:04:33","guid":{"rendered":"https:\/\/apertum-consulting.pl\/?page_id=71"},"modified":"2026-01-25T20:50:00","modified_gmt":"2026-01-25T19:50:00","slug":"oferta-2","status":"publish","type":"page","link":"https:\/\/apertum-consulting.pl\/index.php\/oferta-2\/","title":{"rendered":"OFERTA"},"content":{"rendered":"\n<div class=\"wp-block-buttons alignwide has-custom-font-size has-small-font-size wp-container-content-1387b69e is-horizontal is-content-justification-center is-nowrap is-layout-flex wp-container-core-buttons-is-layout-f33adfaa wp-block-buttons-is-layout-flex\" style=\"margin-top:0;margin-bottom:var(--wp--preset--spacing--40);padding-top:0;padding-right:0;padding-bottom:0;padding-left:0\">\n<div class=\"wp-block-button is-style-fill\"><a class=\"wp-block-button__link has-base-color has-text-color has-background has-link-color wp-element-button\" href=\"https:\/\/apertum-consulting.pl\" style=\"background-color:#274370de\">HOME<\/a><\/div>\n\n\n\n<div class=\"wp-block-button\"><a class=\"wp-block-button__link has-base-color has-text-color has-background has-link-color wp-element-button\" href=\"https:\/\/apertum-consulting.pl\/index.php\/o-nas\/\" style=\"background-color:#274370de\">O NAS<\/a><\/div>\n\n\n\n<div class=\"wp-block-button\"><a class=\"wp-block-button__link has-base-color has-text-color has-background has-link-color wp-element-button\" href=\"https:\/\/apertum-consulting.pl\/index.php\/oferta\/\" style=\"background-color:#274370de\">BREEAM<\/a><\/div>\n\n\n\n<div class=\"wp-block-button\"><a class=\"wp-block-button__link has-base-color has-text-color has-background has-link-color wp-element-button\" href=\"https:\/\/apertum-consulting.pl\/index.php\/strona-glowna\/\" style=\"background-color:#274370de\">KONTAKT<\/a><\/div>\n<\/div>\n\n\n\n<pre class=\"wp-block-preformatted has-body-font-family\" style=\"font-size:clamp(0.875rem, 0.875rem + ((1vw - 0.2rem) * 0.542), 1.2rem);text-transform:none\">Jeste\u015bmy zgranym zespo\u0142em specjalist\u00f3w, in\u017cynier\u00f3w, architekt\u00f3w i asesor\u00f3w <strong>BREEAM<\/strong>. Cechuje nas solidno\u015b\u0107, terminowo\u015b\u0107 oraz d\u0142ugoletnie do\u015bwiadczenie zar\u00f3wno w przygotowaniu materia\u0142\u00f3w, jak i prowadzeniu certyfikacji <strong>BREEAM International New Construction<\/strong> oraz <strong>BREEAM in Use<\/strong>.<br><br>Przygotowanie dowod\u00f3w wymaga wykonania szeregu analiz dotycz\u0105cych wymienionych poni\u017cej obszar\u00f3w. Wychodz\u0105c naprzeciw naszym klientom: Inwestorom, Wykonawcom oraz Projektantom przygotowali\u015bmy propozycj\u0119 wykonania wymaganych opracow\u0144 w ramach wsp\u00f3\u0142pracy z <strong>Zespo\u0142em Projektowym<\/strong>.<br><br>Poni\u017cej zestawienie oferowanych analiz:<br><\/pre>\n\n\n\n<pre class=\"wp-block-preformatted\" style=\"font-size:clamp(0.875rem, 0.875rem + ((1vw - 0.2rem) * 0.542), 1.2rem);\"><strong>MAN 04<\/strong> - <strong>Building User Guide\t<\/strong><br>Przewodnik dla u\u017cytkownika obiektu<br><br><strong>HEA 01<\/strong> - <strong>View out<\/strong><br>Analiza jako\u015bci widoku za oknem, stosunku wielko\u015bci okna do \u015bciany, w kt\u00f3rej jest zamontowane oraz przes\u0142aniania.<br><br><strong>HEA 04<\/strong> - <strong>Thermal Comfort<\/strong><br>Analiza mo\u017cliwo\u015bci zapewnienia komfortu cieplnego wewn\u0105trz pomieszcze\u0144 przeznaczonych na sta\u0142y pobyt ludzi.<br><br><strong>HEA 05 - Acoustic Performance<br><\/strong>Analiza rozprzestrzeniania si\u0119 d\u017awi\u0119k\u00f3w i pog\u0142osu wewn\u0105trz budynku.<br><br><strong>HEA 06 -  Accessibility<br><\/strong>Analiza bezpiecznego dost\u0119pu do budynku, r\u00f3wnouprawnienia dost\u0119pu (np. dla os\u00f3b niepe\u0142nosprawnych).<br><br><strong>ENE 01 - Energy performance<br><\/strong>Analiza zapotrzebowania na energi\u0119 operacyjn\u0105.<br><br><strong>ENE 01. - Prediction of operational energy consumption<br><\/strong>Analiza przewidywanego zapotrzebowania na energi\u0119.<br><br><strong>ENE 04 - Passive design<br><\/strong>Analiza udzia\u0142u pasywnych \u017ar\u00f3de\u0142 energii w ca\u0142kowitym zapotrzebowaniu.<br><br><strong>ENE 04 - Low and zero carbon technologies<br><\/strong>Analiza emisyjno\u015bci zastosowanych \u017ar\u00f3de\u0142 energii.<br><br><strong>TRA 05 - Travel Plan<br><\/strong>Plan Podr\u00f3\u017cy okre\u015blaj\u0105cy mo\u017cliwo\u015bci wzmocnienia zr\u00f3wnowa\u017conych \u015brodk\u00f3w transportu w mie\u015bcie.<br><br><strong>MAT 01 \u2013 LCA<br><\/strong>Analiza cyklu \u017cycia produkt\u00f3w i ich wp\u0142ywu na \u015brodowisko.<br><br><strong>MAT 03 - Sustainable Procurement Plan<br><\/strong>Plan Zr\u00f3wnowa\u017conych Zam\u00f3wie\u0144 okre\u015blaj\u0105cy warunki przeprowadzania zam\u00f3wie\u0144 przez Generalnego Wykonawc\u0119.<br><br><strong>MAT 03 - Responsible sourcing construction products<br><\/strong>Analiza pozyskiwania materia\u0142\u00f3w ze zr\u00f3wnowa\u017conych \u017ar\u00f3de\u0142.<br><br><strong>MAT 05 - Designing for durability and resilience<br><\/strong>Analiza wykonania budynku i jego element\u00f3w pod wzgl\u0119dem odporno\u015bci na degradacj\u0119 i zniszczenia mechaniczne.<br><br><strong>WST 05 - Adaptation to Climate change<br><\/strong>Przystosowanie budynku i ocena jego odporno\u015bci na nadchodz\u0105ce zmiany klimatyczne.<br><br><strong>WST 06 - Functional Adaptability<br><\/strong>Analiza mo\u017cliwo\u015bci adaptacji budynku do innej funkcji.<br><br><strong>LE 02 - Ecological value of site and protection of ecological features<br><\/strong>Analiza warto\u015bci dzia\u0142ki pod wzgl\u0119dem ekologii.<br><br><strong>LE 04 - Enhancing site ecology<br><\/strong>Analiza mo\u017cliwo\u015bci wzmocnienia zasob\u00f3w ekologicznych dzia\u0142ki.<br><br><strong>LE 05 - Long term impact on biodiversity<br><\/strong>Opracowanie d\u0142ugoterminowego planu utrzymania bior\u00f3\u017cnorodno\u015bci na terenie dzia\u0142ki .<br><br><strong>POL 03 - Surface water run-off<br><\/strong>Analiza hydrologiczna ryzyka powodzi oraz odporno\u015bci dzia\u0142ki na zalanie wod\u0105 deszczow\u0105.<br><br><strong>POL 05 - Reduction of noise pollution<br><\/strong>Analiza oddzia\u0142ywania ha\u0142asu na otoczenie obiektu b\u0119d\u0105cego przedmiotem inwestycji.<br><\/pre>\n","protected":false},"excerpt":{"rendered":"<p>Jeste\u015bmy zgranym zespo\u0142em specjalist\u00f3w, in\u017cynier\u00f3w, architekt\u00f3w i asesor\u00f3w BREEAM. Cechuje nas solidno\u015b\u0107, terminowo\u015b\u0107 oraz d\u0142ugoletnie do\u015bwiadczenie zar\u00f3wno w przygotowaniu materia\u0142\u00f3w, jak i prowadzeniu certyfikacji BREEAM International New Construction oraz BREEAM in Use.Przygotowanie dowod\u00f3w wymaga wykonania szeregu analiz dotycz\u0105cych wymienionych poni\u017cej obszar\u00f3w. Wychodz\u0105c naprzeciw naszym klientom: Inwestorom, Wykonawcom oraz Projektantom przygotowali\u015bmy propozycj\u0119 wykonania wymaganych opracow\u0144 w [&hellip;]<\/p>\n","protected":false},"author":1,"featured_media":49,"parent":0,"menu_order":2,"comment_status":"closed","ping_status":"closed","template":"","meta":{"footnotes":""},"class_list":["post-71","page","type-page","status-publish","has-post-thumbnail","hentry"],"_links":{"self":[{"href":"https:\/\/apertum-consulting.pl\/index.php\/wp-json\/wp\/v2\/pages\/71","targetHints":{"allow":["GET"]}}],"collection":[{"href":"https:\/\/apertum-consulting.pl\/index.php\/wp-json\/wp\/v2\/pages"}],"about":[{"href":"https:\/\/apertum-consulting.pl\/index.php\/wp-json\/wp\/v2\/types\/page"}],"author":[{"embeddable":true,"href":"https:\/\/apertum-consulting.pl\/index.php\/wp-json\/wp\/v2\/users\/1"}],"replies":[{"embeddable":true,"href":"https:\/\/apertum-consulting.pl\/index.php\/wp-json\/wp\/v2\/comments?post=71"}],"version-history":[{"count":12,"href":"https:\/\/apertum-consulting.pl\/index.php\/wp-json\/wp\/v2\/pages\/71\/revisions"}],"predecessor-version":[{"id":204,"href":"https:\/\/apertum-consulting.pl\/index.php\/wp-json\/wp\/v2\/pages\/71\/revisions\/204"}],"wp:featuredmedia":[{"embeddable":true,"href":"https:\/\/apertum-consulting.pl\/index.php\/wp-json\/wp\/v2\/media\/49"}],"wp:attachment":[{"href":"https:\/\/apertum-consulting.pl\/index.php\/wp-json\/wp\/v2\/media?parent=71"}],"curies":[{"name":"wp","href":"https:\/\/api.w.org\/{rel}","templated":true}]}}